= 0. Let s(p) = -p**2 + p + 2. Let a be s(0). Calculate the highest common divisor of t and a.
2
Let k = -5 - -8. Suppose -3 - 16 = -s + 3*i, -13 = -k*s - 2*i. What is the highest common factor of s and 77?
7
Suppose -6*r + r = 4*k - 97, 4*r + 124 = 4*k. Calculate the greatest common divisor of k and 70.
14
Let r be 2 - -1 - (0 - (-4 + 199)). What is the greatest common divisor of 18 and r?
18
Suppose 3*y + 2*y - 25 = 0. Suppose 276 = y*w - 2*w. Let o = w - 65. What is the greatest common divisor of o and 9?
9
Suppose -92 - 48 = -4*j. What is the highest common factor of 315 and j?
35
Suppose -7 + 0 = -n. Let y = n + -1. What is the greatest common divisor of y and 12?
6
Suppose -70 = -q - 25. Let l = 24 + -36. Let s = 21 + l. What is the greatest common factor of s and q?
9
Let o(w) = w + 4. Let p(f) = 4*f**3 - f**2. Let a be p(-1). Let d be o(a). Let r(n) = -13*n. Let z be r(d). Calculate the highest common divisor of 91 and z.
13
Suppose 5*q + 140 = 10*q. Calculate the highest common factor of 42 and q.
14
Suppose 7 = a - 15. What is the greatest common divisor of a and 110?
22
Suppose 3 = -2*a - 45. Let p be 1/(12/(-9))*a. Calculate the greatest common factor of p and 9.
9
Let m(x) = 12*x**3 + 3*x**2 + 3*x + 6. Let g(i) = i**3 - 1. Let z(v) = -4*g(v) - m(v). Let f be z(-2). What is the greatest common divisor of 12 and f?
12
Suppose -x = -23 - 12. What is the highest common divisor of x and 7?
7
Let m be 8*-11*35/(-20). Let s = m + -74. Calculate the greatest common divisor of s and 10.
10
Suppose 3*d - 62 + 17 = 0. Calculate the greatest common factor of 30 and d.
15
Let r = 104 + -50. Suppose -r + 0 = -3*s. Let a be 70/9 - (-4)/s. Calculate the greatest common factor of a and 4.
4
Suppose -5*g + j - 3*j = -3, -4*g - j = -3. Let b be g/5 - 238/(-10). Let n = 121 - 61. What is the highest common factor of n and b?
12
Suppose 0 = o - 72 + 22. What is the highest common divisor of 10 and o?
10
Let x = 0 + -5. Let p = x + 3. Let y be ((-57)/p)/(3/6). What is the highest common factor of y and 38?
19
Let l(s) = s**2 + 6*s + 5. Let b be l(-6). Suppose 2*u - 3*w - 13 = -3*u, -3*w - 11 = -4*u. What is the highest common divisor of u and b?
1
Let b be -33*(-2 - -3)*-1. Suppose -5*p + 5*j + 50 = 0, -2*p = -4*j - 29 + 11. Calculate the highest common divisor of b and p.
11
Suppose 5*s + 33 + 2 = q, q = 3*s + 25. Suppose -q = -0*d - 2*d. Calculate the greatest common factor of 25 and d.
5
Let t = -23 - -30. What is the greatest common divisor of t and 3?
1
Suppose -52 = -2*g + 28. Let k(s) = s**3 + 9*s**2 - s - 5. Let i be k(-5). Calculate the greatest common divisor of g and i.
20
Let u(n) = n**3 - 8*n**2 + 8*n - 10. Let k be u(9). Calculate the highest common factor of 13 and k.
13
Suppose 5*n - 3*v = 45, 2*n + 0*v = v + 18. What is the highest common factor of n and 63?
9
Let u = -5 - -11. Let d = u + -1. Suppose -3*w + 18 = -i + 2*i, d*i - 46 = -4*w. What is the greatest common factor of i and 18?
6
Suppose 3*g - 161 = 2*k - 4*k, -3*g + 149 = -k. Calculate the highest common factor of 17 and g.
17
Let u be (-10)/(-2) - (-2 + 1). Let k be (1/(-3))/(-1)*u. Suppose j + 0*j - 4*w - 5 = 0, 2*j = k*w + 10. Calculate the greatest common divisor of j and 10.
5
Let i(x) = x**3 - 13*x**2 + 3*x + 6. Let d be i(13). What is the highest common divisor of 10 and d?
5
Let t(h) = -17*h - 12. Let p be t(-4). Calculate the highest common factor of 14 and p.
14
Let o be ((-3)/1)/(-6)*24. Let p be 844/o + 2/(-6). Calculate the greatest common divisor of p and 10.
10
Let j be 14 - (0 - -1)*4. What is the highest common factor of 90 and j?
10
Suppose 79 = -t - w, 4*w - 12 = 8*w. Let p = -25 - t. Suppose -2*a = -5*d + 37, 5*d + 3*a - p = 6. Calculate the highest common factor of d and 6.
3
Let o = -9 - -23. Let r(y) = -y**3 - y - 5. Let i be r(-4). Suppose -k + i = 2*k. Calculate the highest common divisor of o and k.
7
Let i(q) = 28*q**2 - q + 3. Let f be i(1). What is the greatest common divisor of 18 and f?
6
Suppose 4*n = -46 + 14. Let j be ((-6)/9)/(n/12). What is the greatest common factor of j and 9?
1
Suppose 0 = 2*a - x + 5*x - 124, -4*x - 116 = -2*a. Let c = a - 38. What is the greatest common factor of c and 2?
2
Suppose 4*u + 8*n - 305 = 3*n, n + 163 = 2*u. Calculate the greatest common divisor of u and 32.
16
Suppose 4*a = q - a - 13, -q + 11 = -4*a. Let p be (2/q)/((-1)/(-24)). Let c be (55/25 + -3)/((-2)/10). What is the greatest common divisor of p and c?
4
Suppose -4*i + 3*c = -25, i + 4*c = 15 + 15. Let d be (-10)/35 - 492/(-7). Calculate the highest common divisor of d and i.
10
Suppose 0*z = 2*z - 108. Suppose -4*d = -z - 6. Calculate the highest common divisor of 5 and d.
5
Suppose 6*i - 380 = i. Let k = 122 - i. What is the greatest common factor of k and 115?
23
Let b(k) = k**3 - 9*k**2 + 9*k + 1. Let q be b(8). Let c be 2/1 + 0 + 70. What is the highest common divisor of q and c?
9
Let g be -2*(-2 - (-143)/2). Suppose -2*d - 5*a = 104, -a + 16 = 3*a. Let v = d - g. What is the highest common factor of 7 and v?
7
Let m = -39 + 63. Calculate the greatest common factor of m and 6.
6
Let f be 1/2 - 45/2. Let u be (1/1)/((-2)/f). Let m = 1 + 0. What is the highest common factor of u and m?
1
Suppose -5*j + 110 = -5*m, j - 86 = -3*j + 2*m. Calculate the highest common factor of 189 and j.
21
Let s = 13 + 17. What is the greatest common divisor of s and 210?
30
Suppose -3*k = 5*n - 2 - 81, -k + 5*n = -1. What is the greatest common divisor of k and 189?
21
Suppose 2*n - 5*n = -627. Let o be 6/2 + -5 + 7. Suppose -2*c = -3*m + 67, -5 = o*c + 20. What is the greatest common divisor of n and m?
19
Suppose 2*u - 4*a - 12 = 0, 2*a = -2*u + u + 18. Let x = -11 - -10. Let z be (-9)/(-3) + x - -6. What is the greatest common factor of z and u?
4
Let p be (-2)/1*10/2. Let f(v) = v + 9. Let j be f(p). Let w = 4 - j. What is the highest common divisor of w and 10?
5
Suppose -5*o + 80 = 4*g, 87 - 7 = 4*g - 5*o. Let y(v) = 0*v**3 - v**2 + 5*v + 7*v**2 + v**3 - 2. Let x be y(-4). What is the greatest common divisor of x and g?
10
Suppose -4*x + 37 - 13 = 0. Let c be (-596)/(-12) + 2/x. Calculate the highest common divisor of 20 and c.
10
Suppose 2*u - 100 = -78. Suppose 3*n = 2*n - 4*o + 103, 2*n - 5*o - 193 = 0. Calculate the highest common factor of u and n.
11
Let c be (-8 - -3)*-2*(-9)/(-15). Calculate the greatest common factor of c and 3.
3
Let u be -51*(16/(-6))/(-4). Let o = u - -62. Calculate the highest common factor of o and 42.
14
Suppose -13*a = -16*a + 48. Calculate the greatest common divisor of 8 and a.
8
Suppose 12 = 4*j + 4. Let r = -23 + 45. What is the greatest common factor of j and r?
2
Suppose 4*d = d + 60. What is the highest common divisor of d and 20?
20
Suppose 7*g + 20 = 12*g. What is the greatest common divisor of g and 44?
4
Suppose -a - 261 = -4*a + 2*x, 3*a - 4*x = 255. Suppose 0 = -4*m + a + 19. Suppose 2*y - 8 - 10 = 0. What is the greatest common divisor of y and m?
9
Let c = 12 + -4. Suppose a - c = -3. What is the highest common divisor of 45 and a?
5
Suppose -6*z - j = -z - 225, -5*j + 201 = 4*z. Calculate the greatest common divisor of z and 4.
4
Suppose 3*h - o - 4 = -3, 3*h + 4 = 2*o. Let m be -6 + h*(-1)/(-2). Let t be (4 - m) + 1 + 0. Calculate the highest common factor of 2 and t.
2
Let c(j) = -3*j + 1. Let q be c(-5). Let v be (-9)/(-3) - (-2)/2. What is the greatest common factor of q and v?
4
Suppose 215 = 3*s + 2*s + 4*r, 3*r - 43 = -s. Let o = s + -31. What is the highest common divisor of o and 96?
12
Let h be (-10)/(-2 - -1) + -2. Let q = h - 3. Suppose 6*n - 3 = 3*n, 2*n - 47 = -j. What is the greatest common factor of j and q?
5
Let y(j) = -j + 10. Let f be y(0). Suppose -t + f = t. Suppose -3*z - 2*z = -275. What is the highest common divisor of z and t?
5
Let m(x) = -x + 1. Let w be m(-1). Suppose b - w*h - 5 - 29 = 0, -4*h + 22 = b. What is the highest common divisor of b and 75?
15
Suppose -2*q + 40 = -5*k - 77, q - 60 = 4*k. Suppose -3*z - 16 = -4*p + 46, -4*p + 52 = 2*z. Calculate the highest common divisor of q and p.
14
Let a(l) = -38*l - 2. Let h be a(-4). Suppose -j - 2*j = -h. Let f be (-176)/(-18) - (-4)/18. Calculate the greatest common factor of f and j.
10
Suppose 3*t = -5*t + 32. What is the g